89 (base 11) to base 7
5501453
What is 78968 (base 10) in base 7?
446141
Convert 1010110100010000 (base 2) to base 7.
243111
What is -202132441 (base 5) in base 16?
-c7acf
What is -1a5b8 (base 14) in base 15?
-14cb8
Convert -41113103 (base 5) to base 9.
-555717
-352ac4 (base 13) to base 5
-310403203
b7436a (base 15) to base 11
4a17887
What is -7a1d52 (base 15) in base 2?
-10110001110111010011100
Convert -140120343 (base 5) to base 2.
-10101100110000001110
What is 4205315 (base 6) in base 2?
110001101001101111
-1738302 (base 15) to base 13
-3662acb
-141754 (base 8) to base 2
-1100001111101100
-1310120 (base 8) to base 11
-229a47
What is 1001101000110011001 (base 2) in base 4?
1031012121
What is 111101001010101010100 (base 2) in base 7?
23015315
Convert 101010011112 (base 3) to base 14.
52803
What is -3733875 (base 9) in base 7?
-23154050
-1012320233 (base 4) to base 16
-46e2f
Convert -d1808 (base 14) to base 8.
-1727660
What is -64a96 (base 11) in base 2?
-10111000100010101
119631 (base 11) to base 7
1413235
Convert 12769a (base 14) to base 11.
3a4243
What is -398c94 (base 13) in base 12?
-570939
What is 2010242 (base 6) in base 15?
1d0db
Convert -2805867 (base 11) to base 5.
-2214323401
Convert -47bab (base 12) to base 2.
-10111100111110011
What is -408d5 (base 15) in base 10?
-204500
-30242341 (base 5) to base 10
-243471
What is 98288 (base 12) in base 9?
335445
Convert -2a855 (base 13) to base 3.
-11002110000
Convert -4a009 (base 11) to base 13.
-26946
-2333023011 (base 4) to base 9
-1423120
-1998007 (base 11) to base 8
-14651164
Convert -122032033 (base 4) to base 2.
-11010001110001111
What is -43113302 (base 5) in base 6?
-11443121
Convert 3166622 (base 7) to base 8.
1362740
16cd8 (base 15) to base 10
73778
Convert 1143332 (base 5) to base 10.
21717
Convert 31a17a (base 12) to base 14.
165db8
What is -10111021020122 (base 3) in base 15?
-269b8e
Convert -12151235 (base 6) to base 2.
-1011110101011100111
1313400414 (base 5) to base 4
30130202101
What is 75bd9 (base 15) in base 12?
160489
28935 (base 14) to base 13
36a31
What is -11412652 (base 7) in base 8?
-3670176
335807 (base 9) to base 15
3e8da
Convert -1000221313 (base 4) to base 15.
-536ed
Convert -7b52 (base 14) to base 2.
-101001110111100
Convert 3032012 (base 4) to base 6.
141022
-131130220333 (base 4) to base 8
-35345077
-930223 (base 15) to base 14
-cdc285
Convert 2305530 (base 6) to base 9.
188670
Convert -2c626d (base 14) to base 2.
-101111011010010111001
What is -1125283 (base 10) in base 9?
-2104534
Convert 15603727 (base 9) to base 11.
4446207
Convert 111212222002 (base 3) to base 5.
32221400
Convert 132239 (base 11) to base 8.
626060
-1aa36 (base 11) to base 9
-44044
221103304 (base 5) to base 11
5a3871
What is 133341550 (base 6) in base 15?
381820
Convert 1011110101000010100 (base 2) to base 9.
650621
What is -10011010100011100101 (base 2) in base 3?
-1012011101201
-137420 (base 14) to base 4
-2210111010
Convert -301 (base 11) to base 2.
-101101100
What is -331261 (base 7) in base 10?
-58108
11120121101212 (base 3) to base 13
672533
Convert -13fef (base 16) to base 11.
-56598
Convert -50144430 (base 6) to base 16.
-159222
8d805 (base 14) to base 11
215979
What is 162136 (base 8) in base 9?
88167
Convert 13043032 (base 5) to base 3.
20111102202
10231301320 (base 4) to base 6
42254344
Convert -15311133 (base 6) to base 4.
-2003120001
What is 3040121 (base 5) in base 2?
1100000100000011
Convert 121102012012212 (base 3) to base 10.
8723372
What is -1a7a13 (base 14) in base 16?
-e6441
-a69a20 (base 14) to base 12
-1a792a4
12046646 (base 7) to base 11
671593
What is 256542 (base 14) in base 11?
7a8681
Convert 50a03 (base 11) to base 3.
10210002020
What is 302552 (base 6) in base 14?
8a44
-2403543 (base 8) to base 10
-657251
Convert -2340548 (base 9) to base 3.
-2101100121122
Convert -37b569 (base 13) to base 8.
-5067031
Convert -1756196 (base 14) to base 8.
-53703110
334130022 (base 5) to base 6
51330550
112001020300 (base 4) to base 2
10110000001001000110000
What is -1d51a (base 14) in base 7?
-431633
Convert 1006512 (base 7) to base 4.
131102121
432544 (base 7) to base 11
51710
Convert -227663 (base 11) to base 5.
-43031441
What is 40415 (base 10) in base 4?
21313133
-70c669 (base 14) to base 8
-16373665
Convert 3422135 (base 7) to base 9.
718002
-5364a (base 14) to base 6
-4153042
20254655 (base 7) to base 3
10012002021222
bc7659 (base 13) to base 15
5cb882
-20984 (base 15) to base 2
-11001001111100111
1751143 (base 8) to base 4
1331021203
2526 (base 12) to base 4
1001232
Convert 888080 (base 9) to base 13.
157797
-1011000101001001000 (base 2) to base 11
-228873
What is -2251435 (base 8) in base 4?
-2111030131
-101423233 (base 5) to base 3
-210100201222
Convert 3858304 (base 10) to base 14.
726132
Convert 2505600 (base 8) to base 9.
1262867
Convert 6d74d (base 15) to base 14.
91401
26a9a7 (base 12) to base 9
1175881
What is -222212021110012 (base 3) in base 8?
-66352027
What is -cc913 (base 15) in base 11?
-404429
Convert -498571 (base 11) to base 12.
-31b748
What is 8005d2 (base 15) in base 9?
12381128
Convert 14834c (base 14) to base 16.
ae570
-796518 (base 11) to base 2
-100110101100000011000
Convert -11001100000011110 (base 2) to base 9.
-168276
-445531345 (base 6) to base 5
-4034131414
What is 151144135 (base 6) in base 2?
1011111110100011111011
What is 351c4e (base 16) in base 12?
11ba326
a8a51 (base 11) to base 15
31d9e
What is -12760523 (base 8) in base 13?
-798c21
What is 3761b8 (base 12) in base 5?
212333200
What is 5550223 (base 8) in base 9?
2728008
Convert 2865b (base 14) to base 2.
11000011011001001
-500643 (base 9) to base 15
-5c980
What is 10020020112120 (base 3) in base 13?
4817b5
Convert 7787517 (base 9) to base 14.
7b16ca
What is 51225023 (base 6) in base 9?
2673346
What is -1db93 (base 14) in base 4?
-102221111
What is 22211202210202 (base 3) in base 7?
54642545
Convert -1201010320 (base 5) to base 14.
-518634
What is 13014 (base 12) in base 10?
25936
What is 2550440 (base 6) in base 4?
201321120
-10366456 (base 8) to base 12
-8b283a
368051 (base 9) to base 2
110110010010110111
Convert 1100000100101101000 (base 2) to base 14.
a426c
What is 1839531 (base 10) in base 13?
4c53a5
What is 16daab (base 15) in base 13?
2cac74
What is -823eb3 (base 15) in base 7?
-103416516
-140052 (base 12) to base 2
-1010001000000111110
Convert -34738 (base 9) to base 10.
-23201
Convert -210755 (base 8) to base 15.
-15ba0
-23208a8 (base 11) to base 3
-21122002200001
Convert 2c7dd8 (base 16) to base 7.
33532606
-6141 (base 15) to base 4
-11000320
What is 101001110010000011011010 (base 2) in base 15?
e6549c
What is 1f9a1b (base 16) in base 6?
112220135
What is -25818774 (base 9) in base 13?
-282c679
What is 2231033132 (base 5) in base 16?
4b6010
3cabc (base 13) to base 4
123303210
What is -3a40360 (base 11) in base 12?
-2409936
-7609b2 (base 13) to base 3
-12012211120202
Convert -2595141 (base 11) to base 4.
-101013130313
-632979 (base 10) to base 15
-c7839
What is -1aa192 (base 11) in base 7?
-2504561
Convert -b285 (base 14) to base 2.
-111011111100101
-726559 (base 12) to base 5
-424410303
What is 3cd28 (base 16) in base 8?
746450
What is -111220101102 (base 3) in base 4?
-1002303320
-22101020 (base 4) to base 13
-161b1
What is 12201220212002 (base 3) in base 15?
40376b
What is -4768a (base 14) in base 10?
-174170
What is -3464c0 (base 13) in base 2?
-100101111010000011001
722065 (base 16) to base 9
15058721
-14931 (base 12) to base 15
-88c1
1b1b (base 13) to base 5
112310
What is 51317 (base 8) in base 5?
1134244
1301323131 (base 4) to base 7
3652335
Convert 37a1b (base 14) to base 15.
2a661
236504 (base 9) to base 12
6a604
What is -316ca (base 16) in base 9?
-337625
Convert -1218633 (base 12) to base 2.
-1101011011001010000111
Convert 1010000001100001000 (base 2) to base 14.
879b2
-220244044 (base 5) to base 3
-1210002201201
Convert -6faf1 (base 16) to base 14.
-bc9d7
What is -12231131 (base 9) in base 16?
-5b50d6
-2101101010 (base 4) to base 9
-1106174
123303325 (base 6) to base 16
24ace5
Convert 34444111 (base 6) to base 15.
160237
What is -111312432 (base 6) in base 14?
-3ac460
ae7215 (base 15) to base 14
116a68b
What is 21002021222 (base 3) in base 4?
202002332
What is